ine x(-6).
5
Let h(z) = -16*z + 42. Calculate h(8).
-86
Let u(k) = -2*k**3 - 3*k**2 - 3*k + 3. Determine u(-3).
39
Let o(j) = -10*j - 9. Calculate o(2).
-29
Let f(w) = 2*w + 1. Determine f(-2).
-3
Let r(v) = v**3 - 4*v**2 + 7*v - 5. What is r(4)?
23
Let t(s) = -4*s**2 + 3*s + 1. Calculate t(4).
-51
Let t(z) = z - 23. Give t(0).
-23
Let o(q) = q**3 - q**2 - 2*q - 55. Calculate o(0).
-55
Let v(u) = -3*u + 19. Give v(6).
1
Let p(s) = -s**2 + 3*s - 2. Determine p(2).
0
Let f(v) = -15*v**3. Determine f(1).
-15
Let p(k) = -k + 4. Determine p(1).
3
Let p(y) = -3*y**2 - 2*y + 6. What is p(-3)?
-15
Let h(o) = 30*o + 757. Give h(-26).
-23
Let n(g) = 2*g + 15. Give n(-3).
9
Let l(i) = 36*i**3 + 1. Calculate l(-1).
-35
Let l(p) = -p**2 - 15*p - 9. What is l(-14)?
5
Let c(s) = 2*s**2 + 25*s - 17. What is c(-12)?
-29
Let t(s) = 20*s - 142. Give t(7).
-2
Let k(p) = -p**2 + 2*p. Give k(4).
-8
Let c(r) = -r**3 + 5*r**2 + 17*r + 11. What is c(8)?
-45
Let w(g) = -g + 35. What is w(13)?
22
Let b(x) = x - 4. Calculate b(3).
-1
Let s(c) = -c**3 - 2*c**2 + 10*c + 4. Determine s(-4).
-4
Let s(y) = y**3 + 9*y**2 + 24*y + 14. Give s(-6).
-22
Let z(b) = b**3 + 5*b**2 + 10. What is z(-5)?
10
Let c(v) = -9*v**2 + 2*v - 2. Determine c(3).
-77
Let z(s) = 20*s + 206. Give z(-9).
26
Let u(j) = 4*j**2 + 2*j - 2. Give u(1).
4
Let h(g) = -7*g**2 - 64*g - 3. Determine h(-9).
6
Let g(u) = u**3 + 6*u**2 - 2*u - 5. Determine g(-6).
7
Let x(s) = -10*s - 14. What is x(-10)?
86
Let w(n) = -n**3 + 24*n**2 + 25*n + 15. Give w(25).
15
Let v(k) = 6*k**2 + 38*k + 15. What is v(-6)?
3
Let u(o) = -4*o + 81. Calculate u(19).
5
Let n(g) = -2*g**2 - 28*g - 21. Determine n(-14).
-21
Let t(x) = x**2 + 9*x + 10. Calculate t(-8).
2
Let o(q) = -q**3 + 11*q**2 + 12*q + 6. Determine o(12).
6
Let p(q) = 16*q - 10. Calculate p(3).
38
Let w(g) = -g**3 - 9*g**2 - g + 63. Calculate w(-8).
7
Let t(s) = -2*s**2 + 7*s + 48. Determine t(7).
-1
Let v(i) = -10*i - 5. Calculate v(-4).
35
Let l(q) = -q**3 + 12*q**2 + 11*q + 13. Calculate l(13).
-13
Let n(r) = -4*r**2 + 3*r. Determine n(2).
-10
Let t(k) = -k**2 - k - 7. Give t(-6).
-37
Let c(u) = u**3 + 10*u**2 - 12*u - 4. Calculate c(-11).
7
Let u(j) = j**2 - 4. Give u(-6).
32
Let a(l) = l**3 + 7*l**2 - 3*l. Calculate a(-7).
21
Let r(x) = x**2 + 9*x + 12. What is r(-8)?
4
Let j(v) = 5*v + 12. Calculate j(7).
47
Let i(a) = -2*a**2 + 19*a + 11. Calculate i(10).
1
Let p(z) = -2*z**2 - 4*z - 17. What is p(-3)?
-23
Let m(r) = 3*r + 12. What is m(-4)?
0
Let i(d) = -7*d - 4. Determine i(-3).
17
Let w(u) = -12*u + 35. Calculate w(2).
11
Let v(t) = -2*t**2 + 28*t - 20. What is v(13)?
6
Let k(q) = q**2 + 39*q - 37. What is k(-40)?
3
Let l(t) = t**2 - 8*t - 55. What is l(11)?
-22
Let c(s) = -10*s + 48. Determine c(10).
-52
Let t(f) = -f**3 + 6*f**2 + 9*f - 9. What is t(7)?
5
Let o(k) = k**2 + 2*k - 4. What is o(2)?
4
Let n(c) = -c**3 - 21*c**2 - 21*c + 6. What is n(-20)?
26
Let g(l) = -2*l**2 - 7*l - 9. Calculate g(-3).
-6
Let b(h) = h**3 + 6*h**2 - h + 6. Give b(-6).
12
Let n(w) = -2*w + 94. Give n(54).
-14
Let v(x) = -x**2 - 5*x - 2. What is v(-8)?
-26
Let n(g) = 2*g - 27. Calculate n(17).
7
Let f(q) = 17*q**2 + 1. Calculate f(-2).
69
Let h(u) = -3*u**2 + 5*u + 2. Determine h(4).
-26
Let z(k) = k**3 - 2*k**2 + 4*k + 2. Calculate z(2).
10
Let f(n) = -n**3 - 9*n**2 - 9*n - 6. Calculate f(-8).
2
Let r(o) = -24*o**2 - 6*o + 14. What is r(2)?
-94
Let i(w) = -w**3 - 3*w**2 - w + 1. Determine i(-2).
-1
Let k(b) = -20*b**3 - 3*b**2 + 3*b - 2. Determine k(1).
-22
Let x(u) = u**3 - 13*u**2 + 12*u - 9. What is x(12)?
-9
Let o(f) = f**2 - 3*f - 42. Give o(-5).
-2
Let z(p) = -3*p + 14. Give z(5).
-1
Let w(v) = -2*v**2 + 9*v - 9. What is w(5)?
-14
Let l(f) = -f - 1. Calculate l(11).
-12
Let m(z) = z**3 + 15*z**2 - z - 4. What is m(-15)?
11
Let y(u) = 2*u**2 - 16*u + 4. Determine y(8).
4
Let v(i) = -3*i**2 + 22*i - 15. What is v(6)?
9
Let l(r) = 2*r**2 - 17*r - 12. Give l(9).
-3
Let w(x) = -x**3 + 9*x**2 - 13*x + 19. What is w(9)?
-98
Let o(u) = u**3 - 11*u**2 - 26*u + 10. Determine o(13).
10
Let v(t) = t**3 - t**2 - 4*t - 3. Determine v(-3).
-27
Let d(n) = -2*n**3 + 26*n**2 - 4*n + 53. What is d(13)?
1
Let u(s) = s**2 + 23*s - 10. Calculate u(-19).
-86
Let j(z) = -z**3 - 7*z**2 - 11*z - 9. Give j(-5).
-4
Let l(r) = -r**2 + 12*r - 4. Determine l(6).
32
Let b(m) = m**3 + 14*m**2 + 4*m + 61. What is b(-14)?
5
Let z(a) = a**2 - 6*a - 60. What is z(9)?
-33
Let l(o) = -o**3 + 9*o**2 + 14*o - 125. What is l(9)?
1
Let p(i) = -i**3 - 6*i**2 - 6*i - 10. Calculate p(-5).
-5
Let b(x) = -x**2 - 13*x - 3. What is b(4)?
-71
Let p(y) = -y + 108. Give p(-21).
129
Let w(b) = 2*b**3 + b. Give w(1).
3
Let v(q) = q**2 - 7*q + 22. Determine v(9).
40
Let g(c) = 5*c - 4. Give g(6).
26
Let b(i) = 2*i**3 + 3*i**2 + i. Give b(-3).
-30
Let a(h) = -9*h**2 - 28*h + 2. What is a(-4)?
-30
Let i(k) = k**2 - 10*k - 37. Give i(13).
2
Let d(v) = -4*v - 2. Determine d(3).
-14
Let y(u) = u**3 - 4*u**2 - 8*u - 9. What is y(5)?
-24
Let c(l) = 3*l - 17. What is c(7)?
4
Let s(b) = -7*b + 55. What is s(11)?
-22
Let g(z) = z**3 + 8*z**2 + 4*z - 8. Calculate g(-7).
13
Let p(u) = -3*u + 1. Determine p(5).
-14
Let i(b) = b**2 - 3*b + 2. Give i(-4).
30
Let w(q) = -q**2 + 75*q + 395. What is w(-5)?
-5
Let k(w) = -w**3 - w**2 - 4*w - 10. What is k(0)?
-10
Let s(k) = k**2 + 40*k + 172. Give s(-35).
-3
Let f(t) = t**3 + 8*t**2 + 6*t - 7. Calculate f(-6).
29
Let x(i) = 2*i**3 - 12*i**2 - 9*i + 43. Calculate x(6).
-11
Let t(m) = 2*m**2 + 7*m + 3. What is t(-2)?
-3
Let d(q) = -q**3 - 16*q**2 - 17*q - 10. Determine d(-15).
20
Let v(h) = h**2 + 36*h - 405. What is v(-45)?
0
Let l(q) = 2*q**3 + 12*q**2 - 3*q - 11. Give l(-6).
7
Let y(q) = q**3 + 3*q**2 - 4. Determine y(-3).
-4
Let z(i) = i**3 - 3*i**2 - 5. Give z(3).
-5
Let j(r) = 6*r - 22. Give j(7).
20
Let n(c) = -11*c + 89. Calculate n(6).
23
Let q(a) = -5*a - 60. What is q(-11)?
-5
Let d(s) = -2*s**2 + 6*s + 7. What is d(5)?
-13
Let c(g) = -5*g**2 - 2*g - 12. What is c(-3)?
-51
Let u(h) = 8*h + 57. What is u(-8)?
-7
Let b(k) = k**3 + 2*k**2 - k + 3. What is b(0)?
3
Let f(g) = -g**2 - 5*g + 2. Give f(-8).
-22
Let u(g) = 3*g + 79. Determine u(-18).
25
Let d(r) = 5*r**3 + 3*r**2 - 2*r. Determine d(1).
6
Let z(t) = 3*t + 11. Give z(8).
35
Let j(b) = -b - 11. Determine j(-10).
-1
Let b(v) = -v**3 + 12*v**2 + 27*v + 38. Calculate b(14).
24
Let s(x) = 21*x + 2. What is s(-1)?
-19
Let q(i) = -2*i**2 + 37*i + 23. Give q(19).
4
Let j(s) = -2*s**2 + 17*s - 16. What is j(10)?
-46
Let p(z) = 8*z - 146. Determine p(17).
-10
Let z(o) = -3*o**2 - 2*o + 13. Give z(4).
-43
Let l(f) = f**3 + 7*f**2 - 5*f - 11. What is l(-8)?
-35
Let o(c) = -c**3 + 16*c**2 - 30*c - 15. What is o(14)?
-43
Let c(i) = i**3 - 11*i**2 + 13*i - 15. Calculate c(10).
15
Let h(x) = x + 72. What is h(-58)?
14
Let k(g) = -5*g**2 - 28*g + 1. Give k(-6).
-11
Let a(g) = -2*g + 22. Calculate a(17).
-12
Let h(p) = p**3 + 6*p**2 - 19*p - 16. What is h(-8)?
8
Let i(y) = -10*y + 180. Calculate i(19).
-10
Let d(o) = -o**2 - 5*o - 1. What is d(2)?
-15
Let x(w) = -w - 1. Determine x(-14).
13
Let n(b) = 17*b**2 - 2*b - 1. What is n(-1)?
18
Let t(m) = m**2 + 11*m + 20. Determine t(-7).
-8
Let x(n) = n**2 + 4*n + 6. Calculate x(-2).
2
Let l(m) = -3*m**3 - 42*m**2 - 43*m - 24. Determine l(-13).
28
Let t(p) = 2*p**2 + 12*p + 9. Determine t(-4).
-7
Let y(s) = 3*s**3 + 5*s**2 - s - 3. Give y(-2).
-5
Let n(a) = -a**3 + 2*a**2 + 5*a - 2. Determine n(-2).
4
Let g(y) = y**3 + 5*y**2 + 7*y - 2. Determine g(-3).
-5
Let v(s) = 4*s. Calculate v(-5).
-20
Let s(c) = 2*c**3 - 43*c**2 - 25*c + 70. Calculate s(22).
4
Let k(v) = -5*v**3 + 2*v**2 + 4*v - 5. Calculate k(2).
-29
Let p(g) = -g**2 + 5*g - 6. Calculate p(6).
-12
Let j(q) = 4*q - 1. Give j(-3).
-13
Let b(j) = 20*j - 55. Calculate b(4).
25
Let q(d) = 2*d - 12. Determine q(5).
-2
Let l(f) = f**2 + 5*f + 1. Give l(-9).
37
Let r(i) = -i**3 + 8*i**2 - 14*i + 10. What is r(7)?
-39
Let l(s) = s**2 + 8*s - 20. Calculate l(-9).
-11
Let i(k) = -k - 6. What is i(2)?
-8
Let m(h) = h**2 + 15*h - 41. What is m(-17)?
-7
Let w(v) = v**3 - 8*v**2 - v + 15. Calculate w(8).
7
Let j(a) = 3*a - 26. Determine j(7).
-5
Let x(g) = g**3 + 24*g**2 - 4*g - 85. Calculate x(-24).
11
Let u(z) = z**3 - 7*z**2 - 16*z - 10. Give u(9).
8